t is the units digit of 87281?
1
What is the tens digit of 209764?
6
What is the millions digit of 8825244?
8
What is the hundreds digit of 119571?
5
What is the units digit of 333289?
9
What is the units digit of 277470?
0
What is the units digit of 10902901?
1
What is the millions digit of 3945800?
3
What is the thousands digit of 73773?
3
What is the tens digit of 2817998?
9
What is the hundred thousands digit of 307978?
3
What is the thousands digit of 7564651?
4
What is the ten thousands digit of 4245418?
4
What is the ten millions digit of 32802402?
3
What is the units digit of 6018565?
5
What is the thousands digit of 1424603?
4
What is the ten thousands digit of 20134859?
3
What is the hundred thousands digit of 394404?
3
What is the units digit of 19092725?
5
What is the hundreds digit of 2259620?
6
What is the units digit of 179664?
4
What is the ten millions digit of 16832088?
1
What is the hundred thousands digit of 1206279?
2
What is the ten thousands digit of 3288476?
8
What is the hundreds digit of 955719?
7
What is the hundred thousands digit of 555799?
5
What is the hundreds digit of 582885?
8
What is the ten thousands digit of 8031109?
3
What is the hundred thousands digit of 240522?
2
What is the tens digit of 2055332?
3
What is the hundreds digit of 210252?
2
What is the tens digit of 13799934?
3
What is the thousands digit of 2219288?
9
What is the ten thousands digit of 854429?
5
What is the hundred thousands digit of 7570278?
5
What is the tens digit of 4687909?
0
What is the millions digit of 20492390?
0
What is the units digit of 188835?
5
What is the hundred thousands digit of 1299767?
2
What is the ten thousands digit of 185585?
8
What is the hundred thousands digit of 2518542?
5
What is the hundred thousands digit of 3622211?
6
What is the ten thousands digit of 1780461?
8
What is the ten thousands digit of 2406877?
0
What is the hundreds digit of 686472?
4
What is the units digit of 663839?
9
What is the millions digit of 36748924?
6
What is the units digit of 17547?
7
What is the thousands digit of 429067?
9
What is the hundreds digit of 566561?
5
What is the hundreds digit of 4625986?
9
What is the ten thousands digit of 12420333?
2
What is the millions digit of 1012978?
1
What is the hundreds digit of 5981826?
8
What is the tens digit of 1718159?
5
What is the hundred thousands digit of 590070?
5
What is the hundreds digit of 515942?
9
What is the tens digit of 170274?
7
What is the hundred thousands digit of 235740?
2
What is the thousands digit of 68581?
8
What is the tens digit of 9642490?
9
What is the millions digit of 1106779?
1
What is the units digit of 10419261?
1
What is the thousands digit of 5616147?
6
What is the ten thousands digit of 912461?
1
What is the hundreds digit of 230857?
8
What is the hundred thousands digit of 17279211?
2
What is the ten thousands digit of 1918236?
1
What is the millions digit of 6873915?
6
What is the units digit of 80563?
3
What is the hundred thousands digit of 7011147?
0
What is the hundred thousands digit of 778633?
7
What is the units digit of 1879868?
8
What is the ten thousands digit of 15066734?
6
What is the hundred thousands digit of 181904?
1
What is the ten thousands digit of 356882?
5
What is the ten millions digit of 10739771?
1
What is the thousands digit of 39335019?
5
What is the hundreds digit of 39241?
2
What is the tens digit of 555526?
2
What is the hundred thousands digit of 5227915?
2
What is the tens digit of 13341762?
6
What is the hundreds digit of 410637?
6
What is the ten thousands digit of 4580639?
8
What is the ten millions digit of 26389663?
2
What is the units digit of 1439794?
4
What is the tens digit of 181543?
4
What is the ten thousands digit of 895547?
9
What is the tens digit of 28827295?
9
What is the millions digit of 8978251?
8
What is the units digit of 116674?
4
What is the thousands digit of 559332?
9
What is the units digit of 590894?
4
What is the units digit of 240298?
8
What is the thousands digit of 7511818?
1
What is the units digit of 1176752?
2
What is the hundred thousands digit of 2869546?
8
What is the hundred thousands digit of 24099277?
0
What is the tens digit of 156166?
6
What is the units digit of 1151215?
5
What is the thousands digit of 385153?
5
What is the thousands digit of 48238?
8
What is the units digit of 8045418?
8
What is the hundreds digit of 70746?
7
What is the hundred thousands digit of 1103400?
1
What is the ten thousands digit of 4509305?
0
What is the hundred thousands digit of 1226278?
2
What is the hundreds digit of 5350416?
4
What is the ten thousands digit of 1434353?
3
What is the thousands digit of 1320608?
0
What is the millions digit of 1386560?
1
What is the units digit of 28920684?
4
What is the ten thousands digit of 1395850?
9
What is the units digit of 1165223?
3
What is the millions digit of 3582607?
3
What is the hundred thousands digit of 927382?
9
What is the ten thousands digit of 32197?
3
What is the hundreds digit of 558423?
4
What is the units digit of 5540708?
8
What is the ten thousands digit of 6503893?
0
What is the tens digit of 69749?
4
What is the hundreds digit of 24419196?
1
What is the ten thousands digit of 3130563?
3
What is the units digit of 2023344?
4
What is the ten thousands digit of 4661979?
6
What is the millions digit of 23525543?
3
What is the hundred thousands digit of 7734461?
7
What is the tens digit of 4881453?
5
What is the hundreds digit of 786149?
1
What is the units digit of 2581883?
3
What is the units digit of 184819?
9
What is the millions digit of 1555617?
1
What is the thousands digit of 180667?
0
What is the tens digit of 234954?
5
What is the tens digit of 1318270?
7
What is the units digit of 1630393?
3
What is the hundreds digit of 841643?
6
What is the millions digit of 2615884?
2
What is the tens digit of 2463807?
0
What is the thousands digit of 92908?
2
What is the thousands digit of 1339202?
9
What is the thousands digit of 6846929?
6
What is the hundreds digit of 120497?
4
What is the ten thousands digit of 917028?
1
What is the hundreds digit of 2847?
8
What is the hundreds digit of 63610?
6
What is the millions digit of 1645200?
1
What is the units digit of 63081?
1
What is the thousands digit of 317910?
7
What is the units digit of 1486500?
0
What is the tens digit of 210760?
6
What is the tens digit of 266435?
3
What is the hundred thousands digit of 14180431?
1
What is the thousands digit of 3659400?
9
What is the hundreds digit of 277109?
1
What is the units digit of 946201?
1
What is the ten thousands digit of 65749?
6
What is the hundred thousands digit of 18688479?
6
What is the hundreds digit of 785516?
5
What is the units digit of 62247?
7
What is the thousands digit of 161275?
1
What is the ten thousands digit of 1506662?
0
What is the tens digit of 85438?
3
What is the tens digit of 880099?
9
What is the tens digit of 619044?
4
What is the ten thousands digit of 377761?
7
What is the hundreds digit of 232518?
5
What is the thousands digit of 27469?
7
What is the ten thousands digit of 6323316?
2
What is the ten thousands digit of 444944?
4
What is the units digit of 801963?
3
What is the hundred thousands digit of 831643?
8
What is the hundreds digit of 15718366?
3
What is the ten thousands digit of 1560607?
6
What is the millions digit of 40266399?
0
What is the units digit of 5719531?
1
What is the hundred thousands digit of 185672?
1
What is the tens digit of 271198?
9
What is the tens digit of 1909411?
1
What is the hundred thousands digit of 408461?
4
What is the millions digit of 1216483?
1
What is the ten thousands digit of 75514?
7
What is the units digit of 120488?
8
What is the millions digit of 9096223?
9
What is the ten millions digit of 13353503?
1
What is the tens digit of 278350?
5
What is the tens digit of 11617681?
8
What is the hundred thousands digit of 603522?
6
What is the hundred thousands digit of 1531976?
5
What is the thousands digit of 14095492?
5
What is the thousands digit of 164540?
4
What is the hundred thousands digit of 19210266?
2
What is the thousands digit of 2211221?
1
What is the units digit of 136562?
2
What is the hundred thousands digit of 112357?
1
What is the tens digit